858796?
7
What is the hundreds digit of 4079535?
5
What is the hundred thousands digit of 3234046?
2
What is the thousands digit of 2100138?
0
What is the hundreds digit of 232062?
0
What is the units digit of 1183219?
9
What is the hundreds digit of 38557644?
6
What is the thousands digit of 12775301?
5
What is the units digit of 6508768?
8
What is the hundred thousands digit of 24654921?
6
What is the units digit of 20442?
2
What is the hundred thousands digit of 424253?
4
What is the tens digit of 1354750?
5
What is the thousands digit of 130115?
0
What is the hundreds digit of 2601737?
7
What is the thousands digit of 227023?
7
What is the ten thousands digit of 19162753?
6
What is the hundreds digit of 192679?
6
What is the hundred thousands digit of 249778?
2
What is the ten millions digit of 25439886?
2
What is the tens digit of 65955?
5
What is the tens digit of 615760?
6
What is the units digit of 1241635?
5
What is the millions digit of 1892650?
1
What is the thousands digit of 3026601?
6
What is the hundreds digit of 725726?
7
What is the ten thousands digit of 4975517?
7
What is the ten thousands digit of 309527?
0
What is the ten thousands digit of 2057907?
5
What is the hundred thousands digit of 313825?
3
What is the hundreds digit of 3636587?
5
What is the thousands digit of 4968?
4
What is the hundred thousands digit of 625696?
6
What is the units digit of 21270986?
6
What is the units digit of 877284?
4
What is the tens digit of 18818288?
8
What is the ten thousands digit of 10526533?
2
What is the tens digit of 299403?
0
What is the ten millions digit of 14704339?
1
What is the units digit of 6661056?
6
What is the hundred thousands digit of 33220028?
2
What is the ten thousands digit of 138427?
3
What is the millions digit of 1223141?
1
What is the millions digit of 1511039?
1
What is the tens digit of 43447?
4
What is the ten thousands digit of 47957?
4
What is the ten thousands digit of 328717?
2
What is the units digit of 1643818?
8
What is the tens digit of 77618?
1
What is the units digit of 7042587?
7
What is the thousands digit of 329236?
9
What is the hundred thousands digit of 141491?
1
What is the hundred thousands digit of 170468?
1
What is the units digit of 21235995?
5
What is the thousands digit of 533370?
3
What is the tens digit of 25357?
5
What is the thousands digit of 415303?
5
What is the thousands digit of 1000542?
0
What is the thousands digit of 6291546?
1
What is the thousands digit of 8417117?
7
What is the hundreds digit of 4608196?
1
What is the thousands digit of 62429?
2
What is the millions digit of 14964466?
4
What is the tens digit of 33541?
4
What is the units digit of 2432328?
8
What is the hundreds digit of 203715?
7
What is the ten thousands digit of 158666?
5
What is the thousands digit of 1661191?
1
What is the ten thousands digit of 190513?
9
What is the units digit of 985556?
6
What is the thousands digit of 6000979?
0
What is the hundred thousands digit of 188534?
1
What is the tens digit of 19662345?
4
What is the units digit of 1106803?
3
What is the units digit of 13621513?
3
What is the tens digit of 183016?
1
What is the units digit of 5825343?
3
What is the hundreds digit of 205798?
7
What is the millions digit of 5664712?
5
What is the millions digit of 25660126?
5
What is the ten thousands digit of 1565700?
6
What is the units digit of 943768?
8
What is the hundreds digit of 143211?
2
What is the thousands digit of 88993?
8
What is the tens digit of 53901?
0
What is the hundred thousands digit of 269076?
2
What is the hundreds digit of 51687?
6
What is the units digit of 5030166?
6
What is the ten thousands digit of 282965?
8
What is the hundreds digit of 416466?
4
What is the hundreds digit of 952876?
8
What is the hundred thousands digit of 419151?
4
What is the hundreds digit of 6049851?
8
What is the ten thousands digit of 158609?
5
What is the units digit of 18353495?
5
What is the thousands digit of 2698616?
8
What is the thousands digit of 6066253?
6
What is the tens digit of 2110822?
2
What is the millions digit of 6243722?
6
What is the hundreds digit of 32409?
4
What is the tens digit of 87387?
8
What is the hundred thousands digit of 9479963?
4
What is the ten thousands digit of 8687748?
8
What is the units digit of 973520?
0
What is the units digit of 87312?
2
What is the thousands digit of 374388?
4
What is the hundred thousands digit of 341749?
3
What is the millions digit of 4292152?
4
What is the thousands digit of 2216934?
6
What is the ten thousands digit of 1890492?
9
What is the hundreds digit of 5413133?
1
What is the hundreds digit of 1878861?
8
What is the units digit of 481760?
0
What is the units digit of 3646823?
3
What is the ten thousands digit of 217629?
1
What is the hundreds digit of 7552578?
5
What is the thousands digit of 1733538?
3
What is the thousands digit of 4436579?
6
What is the hundred thousands digit of 767809?
7
What is the ten thousands digit of 682270?
8
What is the tens digit of 35385366?
6
What is the thousands digit of 60577?
0
What is the millions digit of 8107657?
8
What is the hundreds digit of 29942666?
6
What is the hundred thousands digit of 7543071?
5
What is the hundred thousands digit of 16693916?
6
What is the hundreds digit of 10982269?
2
What is the tens digit of 20686149?
4
What is the units digit of 7465747?
7
What is the units digit of 232199?
9
What is the millions digit of 12957113?
2
What is the hundred thousands digit of 657470?
6
What is the millions digit of 1897585?
1
What is the millions digit of 1027766?
1
What is the thousands digit of 2291891?
1
What is the tens digit of 30519282?
8
What is the millions digit of 4971196?
4
What is the ten millions digit of 34043827?
3
What is the units digit of 757547?
7
What is the tens digit of 483015?
1
What is the hundred thousands digit of 176895?
1
What is the tens digit of 51226?
2
What is the hundreds digit of 222527?
5
What is the thousands digit of 7960097?
0
What is the millions digit of 6578898?
6
What is the units digit of 25056500?
0
What is the tens digit of 2742175?
7
What is the hundred thousands digit of 453533?
4
What is the units digit of 110425?
5
What is the hundred thousands digit of 3510229?
5
What is the units digit of 925183?
3
What is the millions digit of 9675995?
9
What is the tens digit of 153583?
8
What is the hundred thousands digit of 4238995?
2
What is the hundreds digit of 159963?
9
What is the thousands digit of 3467600?
7
What is the ten thousands digit of 516924?
1
What is the hundreds digit of 222311?
3
What is the units digit of 305755?
5
What is the hundreds digit of 666777?
7
What is the hundreds digit of 188434?
4
What is the thousands digit of 4867420?
7
What is the tens digit of 6932705?
0
What is the units digit of 1406919?
9
What is the millions digit of 18509287?
8
What is the hundred thousands digit of 362036?
3
What is the ten thousands digit of 8337684?
3
What is the hundreds digit of 48500?
5
What is the units digit of 39172?
2
What is the hundred thousands digit of 122692?
1
What is the thousands digit of 740768?
0
What is the tens digit of 838245?
4
What is the hundred thousands digit of 1750393?
7
What is the tens digit of 294659?
5
What is the units digit of 17550?
0
What is the millions digit of 4774207?
4
What is the hundreds digit of 377207?
2
What is the thousands digit of 3528095?
8
What is the tens digit of 30564216?
1
What is the hundreds digit of 637439?
4
What is the hundred thousands digit of 7769933?
7
What is the hundred thousands digit of 3297845?
2
What is the millions digit of 3782640?
3
What is the ten millions digit of 28981947?
2
What is the units digit of 665359?
9
What is the units digit of 4277474?
4
What is the thousands digit of 9116180?
6
What is the hundreds digit of 42794915?
9
What is the units digit of 1364071?
1
What is the units digit of 5320468?
8
What is the thousands digit of 361180?
1
What is the units digit of 120342?
2
What is the hundred thousands digit of 269507?
2
What is the tens digit of 32128938?
3
What is the tens digit of 1877940?
4
What is the ten thousands digit of 54384?
5
What is the hundred thousands digit of 178449?
1
What is the ten thousands digit of 39462?
